 f = u - -15. List the prime factors of f.
3
Let m = 35 + -44. List the prime factors of ((-102)/m)/((-8)/(-12)).
17
Let a = 86 - -233. Suppose a = 10*x - 621. What are the prime factors of x?
2, 47
Let k be (3 + 0)*(-24)/(-18). Suppose 3*u - 10 = -k*d + 2*u, 3*d - 2*u - 2 = 0. Suppose -5*o = 5*w - 75, -d*o - o + 29 = -w. List the prime factors of o.
11
Suppose 0 = 3*g - 15, -220 + 58 = 4*t + 2*g. Let y = t - -110. What are the prime factors of y?
67
Let v(t) = t**2 + 6*t + 7. Let o be v(-5). Suppose -r - o*k - 5 - 1 = 0, r + 5*k + 21 = 0. What are the prime factors of r?
2
Let n be 36/84 - 18/(-7). Suppose 0 = -s + n*z + 12 + 36, 0 = -3*s - 2*z + 122. What are the prime factors of s?
2, 3, 7
Suppose -5*r = -f - 445, 12 = -5*f - 13. Let h(n) = -8*n**3 - n**2 + n. Let k be h(1). What are the prime factors of 3190/r + 2/k?
2, 3
Let f(d) = -19*d**2 + 6*d**2 + 15*d**2 + 15*d + 3*d + 14. What are the prime factors of f(-14)?
2, 7, 11
Suppose -2*v = n - 5*n + 38, -6 = -n - 3*v. Let o(q) = 80*q**2 - 81*q**2 - 4 + n*q + q. What are the prime factors of o(7)?
17
Suppose 3*i - 8*i + 25 = 0. Let v(a) = 10*a + 12. List the prime factors of v(i).
2, 31
List the prime factors of (10/(-7))/(14/(-5194)).
2, 5, 53
Let n = 278 - 194. Suppose -3*k - 5*w = -114, 3*k - 4*w - w - n = 0. List the prime factors of k.
3, 11
Suppose -3*u - u + 317 = -j, 3*u = 5*j + 225. Suppose 3*d - d + p = 44, 2*p + u = 4*d. Suppose -g - 7 = -d. What are the prime factors of g?
2, 7
Suppose -8 = -3*x - x. Suppose -3*p = -p + 2*g - 88, 3*p = x*g + 112. What are the prime factors of p?
2, 5
Let d(u) = 5*u**2 - 15*u + 16. What are the prime factors of d(3)?
2
Let u be (-2 - -43)/(6/12). Suppose -u*v + 87*v = 405. What are the prime factors of v?
3
Suppose -4*y = -y, y = -5*z + 630. Let x = z - 50. List the prime factors of x.
2, 19
Suppose -3*g + 28 = 763. Let c = 158 + g. Let y = 140 + c. What are the prime factors of y?
53
Let j(f) = 167*f**3 - 15*f**2 + 29*f - 4. What are the prime factors of j(3)?
4457
Let a = -138 + 141. Let m be (-154)/(-4) + 2/(-4). Let q = m + a. What are the prime factors of q?
41
Let o = 14 - 10. Suppose t = -4, 2 = d + t + o. Suppose 0 = -3*a - d*n + 10, 5*a + 1 = 4*n + 3. List the prime factors of a.
2
Suppose 0*t = 2*t - j + 26, -3*j = -4*t - 56. Let k(x) = 7 - 5*x - 3*x - x**2 - 5*x. List the prime factors of k(t).
29
Let d = -294 + 443. Suppose 6*w = 61 + d. What are the prime factors of w?
5, 7
Let q(u) = u**2 - 13*u + 386. What are the prime factors of q(-39)?
2, 17, 71
Suppose w - 4*n - 15 = 0, 0 = -3*w - 2*n + 20 - 3. Let c(d) = 8*d + 6. List the prime factors of c(w).
2, 31
Suppose 2*h + 4*u = 20, -h - 3*u = u - 18. Suppose 0 = -4*y + 2*y + 4*o - 12, 0 = -h*o + 10. Suppose 2*t - y*t + 26 = 0. List the prime factors of t.
13
Let r = -92 + 97. Suppose -4*y = r*w - 246, y - 149 = w - 4*w. What are the prime factors of w?
2, 5
Suppose -4*u + 12 = 0, -7*v - 208 = -2*v - u. Let h = -27 - v. List the prime factors of (42/49)/(2/h).
2, 3
Suppose 4*t = 5*q - 456, 0 = 3*q + q - 16. Let l = -23 - t. List the prime factors of l.
2, 43
Suppose 0 = -4*g - 20 - 4. Let d be (2 - 2) + 560/1. List the prime factors of d/12 + (-2)/g.
47
Suppose -2*i - 4*u + 47 + 159 = 0, -3*u = 4*i - 427. Suppose -2*q + i - 7 = 0. Suppose 0 = 2*y - j - q, 6 = -4*j + 6*j. List the prime factors of y.
3
Suppose -2*d + 2*h = 0, -22 = 2*d + 5*h + 13. Let b = d - -12. What are the prime factors of b/42 + 95/6?
2
Suppose -3*v + 30 = -3*c, 2*c = 2*v - c - 25. Let u be 3*((-8)/5)/(108/(-90)). Suppose u*m - 37 = v*w + 118, 5*w + 85 = 2*m. What are the prime factors of m?
5, 7
Let v be 7*-6*(-2)/42. Suppose -5*g + 301 = y, 5*g - 304 = -2*y - v*y. Suppose g = -7*d + 12*d. What are the prime factors of d?
2, 3
Let f(y) = -2*y**3 - 7*y**2 + 5*y - 11. Let g be f(-6). What are the prime factors of g - 0/(-2*4/(-8))?
139
Let o = -193 + 342. What are the prime factors of o?
149
Let a(b) be the second derivative of 28*b**3/3 + 8*b. What are the prime factors of a(3)?
2, 3, 7
Let c(j) = -8*j + 95. What are the prime factors of c(-38)?
3, 7, 19
Let l = 121 - 120. List the prime factors of (l/(-1 + 2))/(2/46).
23
Suppose -7392 = -10*y - 12. List the prime factors of y.
2, 3, 41
Let n(p) be the first derivative of -2 + 1/3*p**3 + p**2 + 2*p. List the prime factors of n(-2).
2
What are the prime factors of (3558/24)/((-4)/(-48))?
3, 593
Let x = 8 + -12. Let k be -4*(-3 - 7/x). Suppose -g = g + k*w - 50, 64 = 4*g + w. What are the prime factors of g?
3, 5
Suppose 5*d + 3*h = 201, 4*d - 4*h - 150 = -h. Let y = -35 + d. List the prime factors of y.
2
Let w(k) = 29*k**2 - 26*k + 49. What are the prime factors of w(7)?
2, 7, 23
Let m = -5 + 5. Suppose 3*k - 6 - 3 = m. Let h(s) = 4*s**2 + 2*s - 4. List the prime factors of h(k).
2, 19
List the prime factors of 2 + (2 + 0 - 1 - -129).
2, 3, 11
Suppose -f = 269 - 304. List the prime factors of f.
5, 7
Suppose 0*k = -2*k + 8. Let s be 10/(-25) + k/10. Suppose 7*l - 3*l - 80 = s. What are the prime factors of l?
2, 5
Let i be (-20)/6 - 6/9. Let g be ((-2)/i - 1)*0. Suppose -l + 21 = -g*l. List the prime factors of l.
3, 7
Let d be 42890/60 + (-2)/(-12). Suppose 6*k - 635 = d. What are the prime factors of k?
3, 5
Let z(l) = -8*l**3 - 10*l**2 - 13*l - 25. Let q be z(-7). Suppose 0 = -10*g + q + 820. List the prime factors of g.
2, 157
Let y = 93 + 68. Let o = y + -97. List the prime factors of o.
2
Let c(o) = -o**3 + 13*o**2 + 13*o + 1. Let j(p) = 2*p**3 - 14*p**2 - 12*p. Let v(b) = 3*c(b) + 2*j(b). List the prime factors of v(-9).
2, 3, 5
Let w(g) = -g**3 + g**2 + 4. Let k be w(2). Suppose k = 4*y - x - 156, -4*y - 2*x + 7*x + 172 = 0. List the prime factors of y.
2, 19
Let l = -3619 + 6731. Let z = l - 4664. List the prime factors of z/(-32) + 1/2.
7
Suppose -5*w = -4*g + 3535, -3*g + 2016 = -4*w - 634. List the prime factors of g.
2, 5, 89
Let y = -576 + 1063. What are the prime factors of y?
487
Let g(n) = 2*n**2 - 19*n + 20. Let b be g(16). Suppose -3*h - 4*f + 227 = 0, 2*f - 5*f = 3*h - b. List the prime factors of h.
7, 11
What are the prime factors of 161/(0 - (-3)/15)?
5, 7, 23
Suppose -4*y + 793 + 1175 = 0. What are the prime factors of y/45*3*5?
2, 41
Let i(u) be the third derivative of 19*u**5/60 - u**4/12 + u**3/2 - 6*u**2. What are the prime factors of i(2)?
3, 5
Suppose 0*i + 5 = 5*i, -5*s = 2*i - 6937. What are the prime factors of s?
19, 73
Let s be (-20)/9 + 6/27. Let j be (1/2)/(2*(-4)/(-112)). Let h = s + j. List the prime factors of h.
5
Let d(t) = 44*t**2 - 9*t + 16. List the prime factors of d(8).
2, 3, 5, 23
Suppose 4*u - 3*b = u - 789, -2*b + 4 = 0. Let d = u + 439. List the prime factors of d.
2, 89
Let x(i) = 132*i - 15. What are the prime factors of x(18)?
3, 787
Let o(y) = 39*y - 3. Let h be o(7). Suppose h = j + 4*j. Suppose 2*x + j = 3*x. List the prime factors of x.
2, 3
Let u(m) = -6*m - 4. Let c(j) = 7*j + 3. Suppose -3*g - 2*q - 9 - 10 = 0, 5*q - 10 = 4*g. Let i(k) = g*c(k) - 6*u(k). What are the prime factors of i(-5)?
2
Suppose 2*p - 2 = 3*l + 2, 2*p + 3*l - 4 = 0. Suppose -3*n = -p*n - 69. List the prime factors of n.
3, 23
Let b(g) = g + 1. Let k(v) = 35*v - 14. Let x(j) = -6*b(j) + k(j). List the prime factors of x(6).
2, 7, 11
Suppose -4*k - 1 - 15 = 0, -k + 1961 = 5*a. What are the prime factors of a?
3, 131
Let l = 461 + -317. Suppose -548 = -4*g - 5*t, -l = -g + 2*t - 5*t. What are the prime factors of g?
2, 3, 11
Suppose 190 = 5*q - 890. List the prime factors of q.
2, 3
Suppose 5*y + 162 = 4*l + 7*y, -5*l = -5*y - 195. Let u = 47 - l. What are the prime factors of u?
7
Let b(j) = 2*j**2 + 7*j - 6. Let s be b(-6). Suppose 0 = 5*w + 136 + s. Let a = w - -73. What are the prime factors of a?
41
List the prime factors of (-560)/3*(-14 + 11).
2, 5, 7
Let x(r) = r - 7. Let u be x(3). Let f(p) = -5*p - 4. Let v be f(-2). What are the prime factors of 138/(-9)*v/u?
23
Suppose r + 5*g = 316, r + 2*g + g - 308 = 0. Suppose -4*t = -8*t + r. List the prime factors of t.
2, 37
Let k(j) = -j + 10. Let p be k(5). Suppose z - 25 = -p*b + 7, -4*b + 3*z + 18 = 0. Let x(s) = s**2 - 3*s - 7. What are the prime factors of x(b)?
11
Let z(q) be the first derivative of -7*q**2/2 + 5*q + 1. List the prime factors of z(-8).
61
Suppose 2*t + 2*r